{"id":25,"date":"2020-02-10T12:23:12","date_gmt":"2020-02-10T11:23:12","guid":{"rendered":"http:\/\/lepinceauquicourt.be\/?page_id=25"},"modified":"2026-04-03T14:16:51","modified_gmt":"2026-04-03T12:16:51","slug":"informations-et-inscriptions","status":"publish","type":"page","link":"https:\/\/lepinceauquicourt.be\/index.php\/informations-et-inscriptions\/","title":{"rendered":"Inscriptions"},"content":{"rendered":"\n<figure class=\"wp-block-image alignfull\"><img loading=\"lazy\" decoding=\"async\" width=\"1000\" height=\"200\" src=\"http:\/\/lepinceauquicourt.be\/wp-content\/uploads\/2020\/02\/cadre-orange-inscriptions-site.jpg\" alt=\"\" class=\"wp-image-161\" srcset=\"https:\/\/lepinceauquicourt.be\/wp-content\/uploads\/2020\/02\/cadre-orange-inscriptions-site.jpg 1000w, https:\/\/lepinceauquicourt.be\/wp-content\/uploads\/2020\/02\/cadre-orange-inscriptions-site-300x60.jpg 300w, https:\/\/lepinceauquicourt.be\/wp-content\/uploads\/2020\/02\/cadre-orange-inscriptions-site-768x154.jpg 768w\" sizes=\"(max-width: 1000px) 100vw, 1000px\" \/><\/figure>\n\n\n\n<p class=\"has-pale-cyan-blue-background-color has-background has-medium-font-size\"><strong><em>1\u00e8re \u00c9TAPE<\/em><\/strong><\/p>\n\n\n\n<p>Compl\u00e9tez le talon ci-dessous. ATTENTION le fait d\u2019envoyer ce talon n\u2019inscrit pas automatiquement votre enfant, IL FAUT ATTENDRE LE COURRIEL DE CONFIRMATION.<br>Indiquez le nom et pr\u00e9nom <strong><mark style=\"background-color:#f6c8c8\" class=\"has-inline-color\">DE VOTRE ENFANT<\/mark><\/strong>&nbsp;(ainsi&nbsp;que&nbsp;les&nbsp;autres&nbsp;informations&nbsp;demand\u00e9es).<br>Le prix des stages est fix\u00e9 \u00e0 120 euros payable d\u00e8s confirmation de l\u2019inscription.<br>R\u00e9duction de 10 euros pour le 2\u00e8me enfant (de la m\u00eame famille) dans le m\u00eame stage.<br><br>Nous avons 2 cat\u00e9gories d&rsquo;\u00e2ges :<br>&#8211;<mark style=\"background-color:rgba(0, 0, 0, 0)\" class=\"has-inline-color has-accent-color\"> <strong>Les petits :<\/strong><\/mark><strong> maternelles<\/strong> n\u00e9(e)s 2021 et apr\u00e8s<em>(*concerne les enfants qui, lors du stage,  n&rsquo;ont pas termin\u00e9s leur 3\u00e8me maternelle).<\/em><br>&#8211; <strong><mark style=\"background-color:rgba(0, 0, 0, 0)\" class=\"has-inline-color has-accent-color\">Les enfants :<\/mark><\/strong> <strong>primaires<\/strong> n\u00e9(e)s 2020 et avant <em>(*concerne les enfants qui<em>, lors du stage,<\/em> ont termin\u00e9 leur 3\u00e8me maternelle jusqu&rsquo;aux enfants qui ont termin\u00e9s leur 6\u00e8me primaire).<\/em><\/p>\n\n\n\n<div class=\"wp-block-group\"><div class=\"wp-block-group__inner-container is-layout-constrained wp-block-group-is-layout-constrained\">\n<div class=\"wp-block-columns is-layout-flex wp-container-core-columns-is-layout-3 wp-block-columns-is-layout-flex\">\n<div class=\"wp-block-column is-layout-flow wp-block-column-is-layout-flow\" style=\"flex-basis:100%\">\n<div class=\"wp-block-columns is-layout-flex wp-container-core-columns-is-layout-2 wp-block-columns-is-layout-flex\">\n<div class=\"wp-block-column is-layout-flow wp-block-column-is-layout-flow\" style=\"flex-basis:100%\">\n<div class=\"wp-block-columns is-layout-flex wp-container-core-columns-is-layout-1 wp-block-columns-is-layout-flex\">\n<div class=\"wp-block-column is-layout-flow wp-block-column-is-layout-flow\" style=\"flex-basis:100%\">\n<pre class=\"wp-block-preformatted has-background has-small-font-size\" style=\"background-color:#f5d31178\"><strong> Nos stages<\/strong> :<br><br><mark style=\"background-color:rgba(0, 0, 0, 0)\" class=\"has-inline-color has-contrast-color\">Semaine 1<\/mark><mark style=\"background-color:rgba(0, 0, 0, 0);color:#278b2c\" class=\"has-inline-color\">  <\/mark><mark style=\"background-color:rgba(0, 0, 0, 0);color:#f01212\" class=\"has-inline-color\"><s> P1 (du 6 au 10 juillet) = maternell<\/s><\/mark><mark style=\"background-color:rgba(0, 0, 0, 0);color:#f01414\" class=\"has-inline-color\"><s>es <\/s>= complet<\/mark><mark style=\"background-color:rgba(0, 0, 0, 0);color:#278b2c\" class=\"has-inline-color\"><br>                  <\/mark><s><mark style=\"background-color:rgba(0, 0, 0, 0);color:#d02121\" class=\"has-inline-color\">  E1 (du 6 au 10 juillet) = primaire<\/mark><\/s><mark style=\"background-color:rgba(0, 0, 0, 0);color:#f01212\" class=\"has-inline-color\"><s>s<\/s> = complet<\/mark><mark style=\"background-color:rgba(0, 0, 0, 0);color:#278b2c\" class=\"has-inline-color\"><br><br><\/mark><mark style=\"background-color:rgba(0, 0, 0, 0)\" class=\"has-inline-color has-contrast-color\">Semaine 2<\/mark><mark style=\"background-color:rgba(0, 0, 0, 0);color:#278b2c\" class=\"has-inline-color\">   P2 (du 13 au 17 juillet) = maternelles<br>                   <\/mark><mark style=\"background-color:rgba(0, 0, 0, 0);color:#f60202\" class=\"has-inline-color\"><s> E2 (du 13 au 17 juillet) = <\/s><\/mark><mark style=\"background-color:rgba(0, 0, 0, 0);color:#f30505\" class=\"has-inline-color\"><s>primaires<\/s><\/mark><mark style=\"background-color:rgba(0, 0, 0, 0);color:#278b2c\" class=\"has-inline-color\"> <\/mark><mark style=\"background-color:rgba(0, 0, 0, 0);color:#f20808\" class=\"has-inline-color\">= complet<\/mark><mark style=\"background-color:rgba(0, 0, 0, 0);color:#278b2c\" class=\"has-inline-color\"><br><br><\/mark><mark style=\"background-color:rgba(0, 0, 0, 0)\" class=\"has-inline-color has-contrast-color\">Semaine 3<\/mark><mark style=\"background-color:rgba(0, 0, 0, 0);color:#278b2c\" class=\"has-inline-color\">  P3 (du 20 au 24 juillet) = maternelles<br>                    E3 (du 20 au 24 juillet) = primaires<\/mark><\/pre>\n<\/div>\n<\/div>\n\n\n\n<p class=\"has-background has-small-font-size\" style=\"background-color:#f5d31178\"><mark style=\"background-color:rgba(0, 0, 0, 0)\" class=\"has-inline-color has-contrast-color\">Lorsqu&rsquo;un stage est complet, il est possible de s&rsquo;inscrire sur une liste d&rsquo;attentent en envoyant un mail :<\/mark> <a href=\"mailto: lepinceauquicourt@skynet.be\">lepinceauquicourt@skynet.be<\/a> .<br><mark style=\"background-color:rgba(0, 0, 0, 0)\" class=\"has-inline-color has-contrast-color\">(En cas de d\u00e9sistements, nous vous recontacterons)<\/mark>.<\/p>\n<\/div>\n<\/div>\n<\/div>\n<\/div>\n<\/div><\/div>\n\n\n<div role=\"form\" class=\"wpcf7\" id=\"wpcf7-f136-o1\" lang=\"fr-FR\" dir=\"ltr\">\n<div class=\"screen-reader-response\"><p role=\"status\" aria-live=\"polite\" aria-atomic=\"true\"><\/p> <ul><\/ul><\/div>\n<form action=\"\/index.php\/wp-json\/wp\/v2\/pages\/25#wpcf7-f136-o1\" method=\"post\" class=\"wpcf7-form init\" novalidate=\"novalidate\" data-status=\"init\">\n<div style=\"display: none;\">\n<input type=\"hidden\" name=\"_wpcf7\" value=\"136\" \/>\n<input type=\"hidden\" name=\"_wpcf7_version\" value=\"5.5.6\" \/>\n<input type=\"hidden\" name=\"_wpcf7_locale\" value=\"fr_FR\" \/>\n<input type=\"hidden\" name=\"_wpcf7_unit_tag\" value=\"wpcf7-f136-o1\" \/>\n<input type=\"hidden\" name=\"_wpcf7_container_post\" value=\"0\" \/>\n<input type=\"hidden\" name=\"_wpcf7_posted_data_hash\" value=\"\" \/>\n<\/div>\n<p><span class=\"form-inscription\"><label> Nom de l'enfant : <\/label><\/span> <span class=\"wpcf7-form-control-wrap nom\"><input type=\"text\" name=\"nom\" value=\"\" size=\"40\" class=\"wpcf7-form-control wpcf7-text wpcf7-validates-as-required\" aria-required=\"true\" aria-invalid=\"false\" \/><\/span> <\/p>\n<p><label> Pr\u00e9nom de l'enfant : <span class=\"wpcf7-form-control-wrap prenom\"><input type=\"text\" name=\"prenom\" value=\"\" size=\"40\" class=\"wpcf7-form-control wpcf7-text wpcf7-validates-as-required\" aria-required=\"true\" aria-invalid=\"false\" \/><\/span> <\/label><\/p>\n<p><label> Date de naissance : <span class=\"wpcf7-form-control-wrap date-naissance\"><input type=\"text\" name=\"date-naissance\" value=\"\" size=\"40\" class=\"wpcf7-form-control wpcf7-text wpcf7-validates-as-required\" aria-required=\"true\" aria-invalid=\"false\" \/><\/span><\/label><\/p>\n<p><label> Num\u00e9ro de GSM : <span class=\"wpcf7-form-control-wrap tel-gsm\"><input type=\"tel\" name=\"tel-gsm\" value=\"\" size=\"40\" class=\"wpcf7-form-control wpcf7-text wpcf7-tel wpcf7-validates-as-required wpcf7-validates-as-tel\" aria-required=\"true\" aria-invalid=\"false\" \/><\/span><\/label><\/p>\n<p><label> Adresse mail : <span class=\"wpcf7-form-control-wrap email-adresse\"><input type=\"email\" name=\"email-adresse\" value=\"\" size=\"40\" class=\"wpcf7-form-control wpcf7-text wpcf7-email wpcf7-validates-as-required wpcf7-validates-as-email\" aria-required=\"true\" aria-invalid=\"false\" \/><\/span><\/label> <\/p>\n<p><label> Adresse postale = num.\/ rue \/ code post\/ ville : <span class=\"wpcf7-form-control-wrap adresse\"><input type=\"text\" name=\"adresse\" value=\"\" size=\"40\" class=\"wpcf7-form-control wpcf7-text\" aria-invalid=\"false\" \/><\/span> <\/label><\/p>\n<p><label>P1 = 06 au 10 juillet 3 \u00e0 5 ans (<span style=\"color:#f08501;\">COMPLET<\/span>) <\/label><\/p>\n<p><label>E1 = 06 au 10 juillet 6 \u00e0 12 ans (<span style=\"color:#f08501;\">COMPLET<\/span>) <\/label><\/p>\n<p><label> Stages(s) demand\u00e9(s) : <\/label> <span class=\"wpcf7-form-control-wrap stages\"><span class=\"wpcf7-form-control wpcf7-checkbox wpcf7-validates-as-required\"><span class=\"wpcf7-list-item first last\"><input type=\"checkbox\" name=\"stages[]\" value=\"P2 = 13 au 17 juillet 3 \u00e0 5 ans\" \/><span class=\"wpcf7-list-item-label\">P2 = 13 au 17 juillet 3 \u00e0 5 ans<\/span><\/span><\/span><\/span><\/p>\n<p><label>E2 = 13 au 17 juillet 6 \u00e0 12 ans (<span style=\"color:#f08501;\">COMPLET<\/span>) <\/label><\/p>\n<p><label> Stages(s) demand\u00e9(s) : <\/label> <span class=\"wpcf7-form-control-wrap stages\"><span class=\"wpcf7-form-control wpcf7-checkbox wpcf7-validates-as-required\"><span class=\"wpcf7-list-item first last\"><input type=\"checkbox\" name=\"stages[]\" value=\"P3 = 20 au 24 juillet 3 \u00e0 5 ans\" \/><span class=\"wpcf7-list-item-label\">P3 = 20 au 24 juillet 3 \u00e0 5 ans<\/span><\/span><\/span><\/span><\/p>\n<p><label> Stages(s) demand\u00e9(s) : <\/label> <span class=\"wpcf7-form-control-wrap stages\"><span class=\"wpcf7-form-control wpcf7-checkbox wpcf7-validates-as-required\"><span class=\"wpcf7-list-item first last\"><input type=\"checkbox\" name=\"stages[]\" value=\"E3 = 20 au 24 juillet 6 \u00e0 12 ans\" \/><span class=\"wpcf7-list-item-label\">E3 = 20 au 24 juillet 6 \u00e0 12 ans<\/span><\/span><\/span><\/span><\/p>\n<p><label>Facultatif : remarque \u00e9ventuelle <\/label><span class=\"wpcf7-form-control-wrap remarque\"><input type=\"text\" name=\"remarque\" value=\"\" size=\"40\" class=\"wpcf7-form-control wpcf7-text\" aria-invalid=\"false\" \/><\/span><\/p>\n<p><input type=\"submit\" value=\"Envoyer\" class=\"wpcf7-form-control has-spinner wpcf7-submit\" \/><\/p>\n<div class=\"wpcf7-response-output\" aria-hidden=\"true\"><\/div><\/form><\/div>\n\n\n\n<p>Les enfants peuvent <strong>participer \u00e0 plusieurs stages<\/strong> <br>&#8211; Pour les <strong>6-12 ans <\/strong>:<br><strong>Uniquement possibilit\u00e9 de s&rsquo;inscrire au stage 1 et 2<\/strong> ou <strong>au stage 1 et 3.<\/strong> <br>&#8211; Pour l<strong>es 3-5 ans<\/strong> combinaison de <strong>n&rsquo;importe quel(s) stage(s).<\/strong><br><br>Pour le groupe des \u00a0\u00bb petits \u00ab\u00a0, l\u2019enfant doit \u00eatre propre et autonome.<br><br>Le fait d\u2019inscrire un enfant implique l&rsquo;acceptation des conditions du r\u00e8glement d&rsquo;ordre int\u00e9rieur. Voir l&rsquo;onglet \u00ab\u00a0R\u00c8GLEMENT\u00a0\u00bb. Ou cliquez ici : <a href=\"http:\/\/lepinceauquicourt.be\/index.php\/roi\/\">\u00ab\u00a0R\u00e8glement\u00a0\u00bb<\/a>.<\/p>\n\n\n\n<p class=\"has-pale-cyan-blue-background-color has-background has-medium-font-size\"><strong><em>2\u00e8me \u00c9TAPE :<\/em><\/strong><\/p>\n\n\n\n<p>Nous confirmons l\u2019inscription par mail (r\u00e9ponse dans les 48 heures).<br>Dans ce mail un n\u00b0 de compte et les modalit\u00e9s de paiement vous seront communiqu\u00e9s.<br><strong>Le paiement se fait dans les 8 jours apr\u00e8s le r\u00e9ception du mail de confirmation.<\/strong><br>Ne jamais payer un stage pour lequel vous n\u2019avez pas eu notre accord d\u2019inscription !!!<\/p>\n\n\n\n<p class=\"has-pale-cyan-blue-background-color has-background has-medium-font-size\"><strong><em>3\u00e8me \u00c9TAPE:<\/em><\/strong><\/p>\n\n\n\n<p>Vous recevrez un courriel d\u00e9but juin reprenant tous les d\u00e9tails pratiques.<\/p>\n\n\n\n<p class=\"has-vivid-red-color has-text-color\"><strong><em>Remarques :<\/em><\/strong>&nbsp;<br>Nous d\u00e9livrerons une attestation pour les mutuelles uniquement aux enfants qui ont r\u00e9alis\u00e9 un stage complet et pour qui nous aurons re\u00e7u le document&nbsp;le premier jour du stage.<br>Notre statut ne nous permet pas de d\u00e9livrer d\u2019attestation fiscale.<br><strong>Aucune attestation ne sera d\u00e9livr\u00e9e apr\u00e8s le stage.<\/strong><br><br>Le paiement fait office d\u2019inscription d\u00e9finitive au stage.<br>Sans ce dernier, nous pouvons annuler l\u2019inscription au profit d\u2019une autre.<br>Nous n&rsquo;envoyons pas d&rsquo;accus\u00e9 de r\u00e9ception concernant les paiements.<br>Le remboursement en cas de d\u00e9sistement (hors certificat m\u00e9dical) apr\u00e8s le 30 avril peut entra\u00eener des frais administratifs (50 euros).<br><\/p>\n","protected":false},"excerpt":{"rendered":"<p>1\u00e8re \u00c9TAPE Compl\u00e9tez le talon ci-dessous. ATTENTION le fait d\u2019envoyer ce talon n\u2019inscrit pas automatiquement votre enfant, IL FAUT ATTENDRE LE COURRIEL DE CONFIRMATION.Indiquez le nom et pr\u00e9nom DE VOTRE ENFANT&nbsp;(ainsi&nbsp;que&nbsp;les&nbsp;autres&nbsp;informations&nbsp;demand\u00e9es).Le prix des stages est fix\u00e9 \u00e0 120 euros payable d\u00e8s confirmation de l\u2019inscription.R\u00e9duction de 10 euros pour le 2\u00e8me enfant (de la m\u00eame famille) &#8230; <a title=\"Inscriptions\" class=\"read-more\" href=\"https:\/\/lepinceauquicourt.be\/index.php\/informations-et-inscriptions\/\" aria-label=\"En savoir plus sur Inscriptions\">Lire la suite<\/a><\/p>\n","protected":false},"author":1,"featured_media":0,"parent":0,"menu_order":0,"comment_status":"closed","ping_status":"closed","template":"","meta":{"footnotes":""},"_links":{"self":[{"href":"https:\/\/lepinceauquicourt.be\/index.php\/wp-json\/wp\/v2\/pages\/25"}],"collection":[{"href":"https:\/\/lepinceauquicourt.be\/index.php\/wp-json\/wp\/v2\/pages"}],"about":[{"href":"https:\/\/lepinceauquicourt.be\/index.php\/wp-json\/wp\/v2\/types\/page"}],"author":[{"embeddable":true,"href":"https:\/\/lepinceauquicourt.be\/index.php\/wp-json\/wp\/v2\/users\/1"}],"replies":[{"embeddable":true,"href":"https:\/\/lepinceauquicourt.be\/index.php\/wp-json\/wp\/v2\/comments?post=25"}],"version-history":[{"count":166,"href":"https:\/\/lepinceauquicourt.be\/index.php\/wp-json\/wp\/v2\/pages\/25\/revisions"}],"predecessor-version":[{"id":3650,"href":"https:\/\/lepinceauquicourt.be\/index.php\/wp-json\/wp\/v2\/pages\/25\/revisions\/3650"}],"wp:attachment":[{"href":"https:\/\/lepinceauquicourt.be\/index.php\/wp-json\/wp\/v2\/media?parent=25"}],"curies":[{"name":"wp","href":"https:\/\/api.w.org\/{rel}","templated":true}]}}